{"id":64,"date":"2025-12-19T21:36:35","date_gmt":"2025-12-19T20:36:35","guid":{"rendered":"https:\/\/partageclub.eu\/index.php\/politique-de-confidentialite\/"},"modified":"2025-12-19T21:36:35","modified_gmt":"2025-12-19T20:36:35","slug":"politique-de-confidentialite","status":"publish","type":"page","link":"https:\/\/partageclub.eu\/index.php\/politique-de-confidentialite\/","title":{"rendered":"Politique de confidentialit\u00e9"},"content":{"rendered":"<div class=\"wp-block-group is-layout-constrained wp-block-group-is-layout-constrained\"><h1 class=\"wp-block-heading\">Politique de confidentialit\u00e9<\/h1><p><em>\u00c0 compl\u00e9ter<\/em> : donn\u00e9es collect\u00e9es, finalit\u00e9s, droits, cookies.<\/p><\/div>","protected":false},"excerpt":{"rendered":"<p>Politique de confidentialit\u00e9 \u00c0 compl\u00e9ter : donn\u00e9es collect\u00e9es, finalit\u00e9s, droits, cookies.<\/p>\n","protected":false},"author":1,"featured_media":0,"parent":0,"menu_order":0,"comment_status":"closed","ping_status":"closed","template":"","meta":{"footnotes":""},"class_list":["post-64","page","type-page","status-publish","hentry"],"blocksy_meta":[],"_links":{"self":[{"href":"https:\/\/partageclub.eu\/index.php\/wp-json\/wp\/v2\/pages\/64","targetHints":{"allow":["GET"]}}],"collection":[{"href":"https:\/\/partageclub.eu\/index.php\/wp-json\/wp\/v2\/pages"}],"about":[{"href":"https:\/\/partageclub.eu\/index.php\/wp-json\/wp\/v2\/types\/page"}],"author":[{"embeddable":true,"href":"https:\/\/partageclub.eu\/index.php\/wp-json\/wp\/v2\/users\/1"}],"replies":[{"embeddable":true,"href":"https:\/\/partageclub.eu\/index.php\/wp-json\/wp\/v2\/comments?post=64"}],"version-history":[{"count":0,"href":"https:\/\/partageclub.eu\/index.php\/wp-json\/wp\/v2\/pages\/64\/revisions"}],"wp:attachment":[{"href":"https:\/\/partageclub.eu\/index.php\/wp-json\/wp\/v2\/media?parent=64"}],"curies":[{"name":"wp","href":"https:\/\/api.w.org\/{rel}","templated":true}]}}