{"id":60,"date":"2025-12-19T21:36:35","date_gmt":"2025-12-19T20:36:35","guid":{"rendered":"https:\/\/partageclub.eu\/index.php\/comment-ca-marche\/"},"modified":"2025-12-19T21:36:35","modified_gmt":"2025-12-19T20:36:35","slug":"comment-ca-marche","status":"publish","type":"page","link":"https:\/\/partageclub.eu\/index.php\/comment-ca-marche\/","title":{"rendered":"Comment \u00e7a marche"},"content":{"rendered":"<div class=\"wp-block-group is-layout-constrained wp-block-group-is-layout-constrained\"><h1 class=\"wp-block-heading\">Comment \u00e7a marche<\/h1><p>Cr\u00e9ez ou rejoignez un groupe, d\u00e9finissez les r\u00e8gles, puis partagez sereinement.<\/p><\/div>","protected":false},"excerpt":{"rendered":"<p>Comment \u00e7a marche Cr\u00e9ez ou rejoignez un groupe, d\u00e9finissez les r\u00e8gles, puis partagez sereinement.<\/p>\n","protected":false},"author":1,"featured_media":0,"parent":0,"menu_order":0,"comment_status":"closed","ping_status":"closed","template":"","meta":{"footnotes":""},"class_list":["post-60","page","type-page","status-publish","hentry"],"blocksy_meta":[],"_links":{"self":[{"href":"https:\/\/partageclub.eu\/index.php\/wp-json\/wp\/v2\/pages\/60","targetHints":{"allow":["GET"]}}],"collection":[{"href":"https:\/\/partageclub.eu\/index.php\/wp-json\/wp\/v2\/pages"}],"about":[{"href":"https:\/\/partageclub.eu\/index.php\/wp-json\/wp\/v2\/types\/page"}],"author":[{"embeddable":true,"href":"https:\/\/partageclub.eu\/index.php\/wp-json\/wp\/v2\/users\/1"}],"replies":[{"embeddable":true,"href":"https:\/\/partageclub.eu\/index.php\/wp-json\/wp\/v2\/comments?post=60"}],"version-history":[{"count":0,"href":"https:\/\/partageclub.eu\/index.php\/wp-json\/wp\/v2\/pages\/60\/revisions"}],"wp:attachment":[{"href":"https:\/\/partageclub.eu\/index.php\/wp-json\/wp\/v2\/media?parent=60"}],"curies":[{"name":"wp","href":"https:\/\/api.w.org\/{rel}","templated":true}]}}