{"id":59,"date":"2025-12-19T21:36:35","date_gmt":"2025-12-19T20:36:35","guid":{"rendered":"https:\/\/partageclub.eu\/index.php\/a-propos\/"},"modified":"2025-12-19T21:36:35","modified_gmt":"2025-12-19T20:36:35","slug":"a-propos","status":"publish","type":"page","link":"https:\/\/partageclub.eu\/index.php\/a-propos\/","title":{"rendered":"\u00c0 propos"},"content":{"rendered":"<div class=\"wp-block-group is-layout-constrained wp-block-group-is-layout-constrained\"><h1 class=\"wp-block-heading\">\u00c0 propos<\/h1><p><strong>PartageClub<\/strong> est un projet europ\u00e9en con\u00e7u pour rendre le partage d\u2019abonnements plus simple, plus clair et plus serein.<\/p><p>Notre objectif : aider des groupes \u00e0 s\u2019organiser avec des r\u00e8gles simples (paiement, acc\u00e8s, responsabilit\u00e9s), afin d\u2019\u00e9viter les conflits et les coupures.<\/p><\/div>","protected":false},"excerpt":{"rendered":"<p>\u00c0 propos PartageClub est un projet europ\u00e9en con\u00e7u pour rendre le partage d\u2019abonnements plus simple, plus clair et plus serein. Notre objectif : aider des groupes \u00e0 s\u2019organiser avec des r\u00e8gles simples (paiement, acc\u00e8s, responsabilit\u00e9s), afin d\u2019\u00e9viter les conflits et les coupures.<\/p>\n","protected":false},"author":1,"featured_media":0,"parent":0,"menu_order":0,"comment_status":"closed","ping_status":"closed","template":"","meta":{"footnotes":""},"class_list":["post-59","page","type-page","status-publish","hentry"],"blocksy_meta":[],"_links":{"self":[{"href":"https:\/\/partageclub.eu\/index.php\/wp-json\/wp\/v2\/pages\/59","targetHints":{"allow":["GET"]}}],"collection":[{"href":"https:\/\/partageclub.eu\/index.php\/wp-json\/wp\/v2\/pages"}],"about":[{"href":"https:\/\/partageclub.eu\/index.php\/wp-json\/wp\/v2\/types\/page"}],"author":[{"embeddable":true,"href":"https:\/\/partageclub.eu\/index.php\/wp-json\/wp\/v2\/users\/1"}],"replies":[{"embeddable":true,"href":"https:\/\/partageclub.eu\/index.php\/wp-json\/wp\/v2\/comments?post=59"}],"version-history":[{"count":0,"href":"https:\/\/partageclub.eu\/index.php\/wp-json\/wp\/v2\/pages\/59\/revisions"}],"wp:attachment":[{"href":"https:\/\/partageclub.eu\/index.php\/wp-json\/wp\/v2\/media?parent=59"}],"curies":[{"name":"wp","href":"https:\/\/api.w.org\/{rel}","templated":true}]}}